 greatest common factor of 43 and v.
43
Let i be ((-14)/(-35))/(2/180). Suppose i = c + 2*c. What is the highest common factor of 96 and c?
12
Suppose -w - 2*m + 8 = 0, 5*m = 5*w + 4*m + 4. Suppose w = 4*c - 8. What is the greatest common divisor of 2 and c?
2
Suppose 2*j - 9 = 3. Let x be (-2)/(-2)*-16 + 2. Let r be x/(-77) + (-392)/(-22). What is the highest common factor of r and j?
6
Suppose -p + 38 = -12. Calculate the highest common factor of 20 and p.
10
Let t be 40/6*18/(-4). Let u be 14/(-5) - (-6)/t. Let w be (-62)/u - 4/(-12). Calculate the greatest common factor of w and 105.
21
Let u be 3 + 0 + (-7 - -7). Suppose -11 + 2 = -u*x. Suppose p = -3*d + 30, -d + 36 = 4*d - 3*p. What is the greatest common divisor of x and d?
3
Suppose 18 + 5 = 4*n - y, -5*y - 35 = -4*n. Suppose 3*l = n + 4. Suppose 32 + 53 = 3*t - 4*r, 77 = l*t + 4*r. Calculate the highest common factor of 3 and t.
3
Let x = -193 - -288. Let d = 159 - x. Suppose -160 = -4*a - d. What is the highest common divisor of 8 and a?
8
Suppose 0 = 5*k + p + 37, 4*k - 2*k + p = -13. Let n(j) = j + 11. Let r be n(k). What is the highest common factor of r and 6?
3
Let r = 229 + -163. Let g be (-10)/(-35) + r/14. Suppose 129 = g*j - 66. Calculate the greatest common factor of j and 26.
13
Suppose -3*a + 60 = -0*a. Suppose a = 10*i - 5*i. Suppose -i*z + y = -148, -3*z + 3*y = -0*z - 120. What is the highest common factor of 4 and z?
4
Let a = -18 - -20. Suppose 4*c - a = 14. Calculate the greatest common divisor of c and 4.
4
Let h(v) = v**3 - 8*v**2 - 4. Suppose p - 4*r - 24 = 0, -2*r = -p + 18 - 4. Let a be h(p). Let s = -2 - a. What is the highest common factor of s and 6?
6
Suppose 0 = -2*k + 5*m + 47, -5*m + 31 = 5*k - 69. Let h(y) = -2*y**3 - 15*y**2 - 11*y - 14. Let w be h(-7). What is the highest common divisor of w and k?
7
Let y(v) = v**3 + 6*v**2 - 9*v + 6. Let w be y(-9). Let b be (-4)/26 + (-5172)/w. What is the greatest common factor of b and 3?
3
Let q(j) = j**3 + 2*j**2 - 2*j + 1. Let l be q(1). Suppose 0 = -l*m - 3*m + 105. What is the highest common factor of m and 84?
21
Let i be (-49)/(-5) - (-2)/10. Let w be (4/i)/(5/600). What is the greatest common factor of w and 6?
6
Suppose -4*x = 2*h - 20, 0*x - 16 = -3*h + x. Suppose -5*v + 2*s - h*s = -266, 4*s + 234 = 5*v. What is the highest common factor of 20 and v?
10
Let a = 40 - 23. Suppose -a = -3*l + 4. What is the greatest common divisor of 21 and l?
7
Let s(v) = -3*v**3 - v**2. Let i be s(-1). Let m be (0 + (-6)/10)*-5. Let n be 1*m - 2/2. Calculate the greatest common divisor of n and i.
2
Let u be ((-20)/(-6))/(5/135). What is the highest common factor of 36 and u?
18
Let j = 63 - -152. What is the highest common factor of 43 and j?
43
Suppose 9 = 5*s - l - 15, s + 2*l = 7. Suppose x + 8 = s*x. Suppose -x*a + 300 = 3*a. Calculate the greatest common divisor of 24 and a.
12
Let d = 157 + -139. What is the greatest common factor of 144 and d?
18
Suppose 2*m = 5*a - 9 + 41, -5*a = 0. Calculate the highest common divisor of m and 16.
16
Suppose -4*d + 154 = -3*d. What is the highest common divisor of d and 22?
22
Let j = -4034 + 2602. Let z be 18/(-63) + j/(-14). What is the greatest common divisor of z and 17?
17
Suppose 0 = 2*z + 3*z - 50. What is the greatest common divisor of z and 110?
10
Let k(x) = -x**2 + 5*x + 6. Let q(b) = -b + 6. Let n be q(0). Let s be k(n). Let g = s + 3. What is the greatest common divisor of g and 1?
1
Suppose -4*c = -z + 25, 2*c = 4*z - c - 74. Let g(y) = -y + 68. Let x be g(0). Calculate the highest common factor of z and x.
17
Let o = 1 + 2. Suppose v = o + 4. Let z be (-16)/3*-12 - 1. Calculate the highest common divisor of v and z.
7
Suppose 0 = 4*l - 7*l + 6. Suppose 0*w = -l*w + 16. What is the highest common factor of w and 20?
4
Let h = -117 - -145. What is the highest common divisor of 4 and h?
4
Let u(f) be the second derivative of -f**5/20 + f**4 - 3*f**3/2 - 5*f**2 + 5*f. Let n be u(11). What is the greatest common divisor of n and 18?
6
Let a(i) = 0 + 5 + 6*i - 2. Let w be a(7). Calculate the greatest common divisor of 18 and w.
9
Suppose 2*q - 2*m - 181 = -65, q - 3*m = 58. Suppose -3*o + 23 + q = 0. Let g = 60 + -42. Calculate the highest common divisor of o and g.
9
Let y(m) = -m + 7. Suppose -5*v + 38 - 3 = 0. Let a be y(v). Suppose 2*t - 252 = -a*t. What is the highest common divisor of 14 and t?
14
Let j(x) = x**3 - 8*x**2 - 9*x - 20. Let c be j(10). What is the highest common factor of 9 and c?
9
Let z(g) = 3*g + 9. Let u be z(4). Suppose 0*f - 294 = -2*f. What is the highest common divisor of f and u?
21
Let x(n) = 7*n**2 - 4*n + 2. Let m be x(2). Let i(r) = -4*r**3 + 1. Let u be i(-2). What is the highest common divisor of m and u?
11
Let d = 9 + 5. Let c be (-770)/4*1*(-12)/15. Calculate the highest common factor of c and d.
14
Let i = 151 - 19. Let z = 37 - 25. What is the greatest common divisor of z and i?
12
Let n(g) = 3*g**2 - 2*g. Let c(q) = -q**3 + q**2 + q + 2. Let z be c(0). Let s be n(z). Calculate the greatest common factor of s and 64.
8
Let v(h) = h**3 - 5*h**2 - 10*h + 7. Let t be v(7). Let a = 50 - t. Let r = -7 + a. What is the greatest common factor of r and 8?
8
Suppose -2*m - 6 = 0, -3*m - 7 = -4*g + 14. Calculate the highest common factor of g and 33.
3
Let z = -24 - -42. Let b = -393 + 591. Calculate the greatest common factor of z and b.
18
Let c(l) = -5*l**2 - 1. Let t(v) = -9*v**2 + v - 2. Let b(n) = 7*c(n) - 4*t(n). Let y be b(4). Calculate the highest common divisor of y and 1.
1
Let i be -3 + 2 + 86 + 0. What is the highest common factor of i and 17?
17
Let z be (-4)/(-10) - (-1924)/65. What is the greatest common divisor of 15 and z?
15
Let t = -23 - -42. Let q = -288 - -440. Calculate the highest common divisor of q and t.
19
Suppose v - 8 = 2. Suppose -3*o - v = -1. Let p be (2/o)/((-4)/6). Calculate the highest common divisor of 9 and p.
1
Let o be (-1 - -3)*-1 - -20. Suppose -o = w - 3*w. Suppose 7*j = -0*j + 567. Calculate the highest common factor of j and w.
9
Suppose -17 - 52 = -3*a. Suppose w + 7*z - 2*z - a = 0, 4*z - 22 = -2*w. Calculate the greatest common factor of 6 and w.
3
Suppose 2*s + 3 = -3*o + 24, 4*o = 3*s + 11. Suppose 0 = -9*r + o*r + 32. What is the greatest common factor of r and 2?
2
Let d be -4 - (-60)/(30/6). Let j be -2 - 5*-1 - 0. Let o be 6 + 1 + j + -2. What is the greatest common factor of d and o?
8
Suppose d + 8 - 30 = 0. What is the greatest common divisor of d and 33?
11
Let c(w) = 2*w**2 - 9*w + 7. Let o be c(12). Calculate the highest common divisor of o and 17.
17
Let q(k) = 13*k + 2 + 16*k - 10*k. Let z be q(2). Let x be 8/((0 + -1)/(-2)). What is the highest common factor of x and z?
8
Let k(d) = d + 20. Let p be k(-13). What is the highest common divisor of 56 and p?
7
Let b = -155 + 281. Calculate the highest common factor of b and 14.
14
Suppose 2*d - 5*n - 2 = 0, 2*d - 4*n = -2*d + 4. Let m be (-12)/((-6)/2 + d). Calculate the highest common divisor of m and 2.
2
Let q = -19 - -19. Suppose 2*l = -q*l + 294. Calculate the greatest common factor of l and 21.
21
Let c = 19 - -9. Let r be 6/10 - (-374)/110. What is the highest common divisor of c and r?
4
Suppose 5 = 5*r, -4*c = 5*r - 17 + 4. What is the highest common factor of 5 and c?
1
Let t(g) = 2*g**2 + 5*g - 3. Let q be t(12). What is the highest common factor of q and 15?
15
Suppose -1 = -4*r + 31. Suppose 3 = i - r. Let v be (-3)/(-2) + (-170)/(-4). Calculate the highest common factor of v and i.
11
Suppose 0 = 5*i - 3*x - x - 4, i + 4*x = 20. Let g(p) = -2*p**3 + 4*p**2 - 3. Let w be g(i). Let s = w + 119. Calculate the highest common divisor of s and 13.
13
Suppose 30 + 74 = 2*o. Suppose 49 = 6*d - 29. What is the highest common factor of d and o?
13
Let b(j) = 9*j - 6. Let g be b(14). What is the highest common divisor of 15 and g?
15
Suppose 2*b = 3*b. Suppose b = -2*z - 5*u - 1, -2*z + 4*u = -0*u - 44. What is the highest common factor of z and 48?
12
Let j(f) = 56*f**2 - 1 + 137*f**2 + f - 17*f**2. Let p be j(1). What is the greatest common factor of 16 and p?
16
Let u(w) = w**3 + 6*w**2 + 4*w + 4. Suppose -h + 2*h - 12 = 0. Suppose 0 = -3*j - h. Let i be u(j). Calculate the greatest common factor of i and 4.
4
Let z(p)